 m + 6 = a, 2*a = 4. What is the remainder when (m - -3)/((-3)/(-9)) is divided by 2*(-2)/(-4) + 7?
7
Calculate the remainder when 297/(-9)*(6/16 - 11/8) is divided by 6.
3
Suppose -11*r + 45 = -6*r. Calculate the remainder when r/((-90)/(-80)) + 5 is divided by 8.
5
Let n(m) = -m**2 - 5*m + 15. Let c be n(-8). Let o = 20 + c. Let u(s) = -s + 23. Calculate the remainder when u(-9) is divided by o.
10
Suppose 4*z - 706 = -l, 0 = -l - l - 3*z + 1407. Suppose -16 = 700*k - l*k. What is the remainder when k is divided by 5 + -4 + (-2)/(-1)?
2
Let q(m) = m**2 - 14*m - 207. What is the remainder when 392 is divided by q(25)?
52
Let g = 28 + -17. Suppose -y + g = -6. Let d = -34624 + 34630. Calculate the remainder when y is divided by d.
5
Let z(w) = 23*w + 63. Calculate the remainder when ((-44)/(-8) - 7)*-164 is divided by z(0).
57
Let l(i) = -i**2 + 13*i - 50. Let v be l(11). Let g(b) = b**3 + 29*b**2 + 22*b - 144. Calculate the remainder when 139 is divided by g(v).
19
Suppose 2*l + l = 147. Let o = -23 - 11. Let i = o + l. Calculate the remainder when 26 is divided by i.
11
Let j(k) = -7*k + 19. Let a be j(-14). Let n = 126 - a. Let z(v) = -v**2 + 12*v + 13. What is the remainder when z(10) is divided by n?
6
Suppose 21 = 10*a - 19. Suppose 0 = -a*t - 2*i + 420, 2*t + i - 198 = -3*i. Suppose 4*m + t = 459. What is the remainder when m is divided by 13?
10
Suppose 3*y = 31*y + 280. Let n(s) = -2*s**3 - 25*s**2 - 56*s + 2. Calculate the remainder when n(y) is divided by 20.
2
Suppose 110*z - 2078 = 1992. Suppose -2*n + 154 + 2 = 0. What is the remainder when n is divided by z?
4
Suppose 0 = 5*m - 38 - 32. Suppose -2*p + m = -0*p. Suppose 14 = q - 11*a + 7*a, 5*a = q - 15. Calculate the remainder when q is divided by p.
3
Suppose -57*l - 767 - 5902 = 0. Let f = 286 - l. Calculate the remainder when f is divided by 68.
63
Suppose 4*w - 150 = 2*o, 3*o + 147 = 6*w - 2*w. Let r = w + -18. Calculate the remainder when r is divided by (1 - 5)/(-2)*5.
1
Let h(d) = d**2 + 12*d - 3. Let c be h(2). Suppose -c*n + 2589 + 311 = 0. What is the remainder when n is divided by 39?
38
Let d(r) = 268*r - 6612. Calculate the remainder when 336 is divided by d(25).
72
Let m(p) = -6*p**2 + 354*p - 289. Calculate the remainder when 356 is divided by m(58).
2
Suppose -2*h - 5*i = -3*h + 16, -3*i = 3. Suppose 15 = -2*j + 79. Calculate the remainder when j is divided by h.
10
Suppose 34 = b - 4*f - 57, -4*f = -4*b + 412. Calculate the remainder when 855 is divided by b.
106
Suppose -3*g - 2*a - 3*a + 11 = 0, 3*g - 4*a = 2. Suppose g*o + 0*o - 306 = 0. Let j = 259 - o. What is the remainder when j is divided by 9?
7
Let v = -2834 - -2978. Calculate the remainder when 5902 is divided by v.
142
Suppose 3*l - 885 = 5*u + 590, 0 = 3*l - 4*u - 1480. Let s = 517 - l. Let b(v) = 3*v**2 - 2*v - 2. What is the remainder when s is divided by b(-2)?
3
Suppose 0 = 5*g - 4*y + 1 - 52, -2*y = 8*g - 48. Calculate the remainder when 954 is divided by g.
2
Let i = 2911 + -2902. Suppose -5*w = -9*w + 172. What is the remainder when w is divided by i?
7
Suppose 78*t + 1813 - 8866 - 2307 = 0. What is the remainder when 1917 is divided by t?
117
Let n(k) = 2*k - 10*k**2 + 2 - 4*k**3 + 0*k**3 - k**3 + 6*k**3. Let p be n(10). Let l = 47 - p. What is the remainder when 45 is divided by l?
20
Let u be 21 + ((-3)/3 - 0). Let s be 8/u + (-154)/35. Calculate the remainder when 107 is divided by ((-17)/2 - s)*-8.
35
Let v(z) = 7*z - 14*z - 18 + 7*z + z**2. Calculate the remainder when 137 is divided by v(8).
45
Let k(y) = y**2 + 21*y + 117. Let t(j) = 3*j**3 - j**2 + j - 1. Let f be t(1). What is the remainder when k(-13) is divided by 3/(f - -1) - -1?
1
Let n(d) = -d**3 + 9*d**2 + 55*d - 248. Calculate the remainder when n(9) is divided by 9.
4
Let g be 1 + (21 - 17)*38/4. What is the remainder when 0 - ((-26)/g + 1004/(-6)) is divided by 85?
83
Suppose -82*p = 154 - 12910 - 7170. Calculate the remainder when 9231 is divided by p.
240
Let k = 2398 + -2270. What is the remainder when k is divided by 115?
13
Suppose 31 - 27 = 2*g. Suppose -3*s + 11 = -3*o + 2*o, -5*s - g*o = -22. Suppose -62 = -s*h + 54. Calculate the remainder when 172 is divided by h.
27
Let q(h) = -h**3 - 2*h**2 - 6*h - 2. Let k(l) = 20*l**3 - l. What is the remainder when q(-4) is divided by k(1)?
16
Let b = 10 + -1. Suppose 17*z + 934 + 6614 = 0. Let d = z + 447. Calculate the remainder when b is divided by d.
0
Let f = -7805 + 8164. Calculate the remainder when f is divided by 88.
7
Let j(n) = -n**3 + 26*n**2 + 63*n - 680. Calculate the remainder when j(27) is divided by 36.
4
Let s(v) = -44*v**2 + 7*v + 10. Let u be s(-2). Let i = u + 275. What is the remainder when i is divided by 28?
11
Let t be (-1 - -10)*(-2 - -3). Let s be 12 - t - (2 - -1). Suppose 4*l - 3*o - 49 = -s*o, 2*o = -6. What is the remainder when 19 is divided by l?
9
Suppose -5*x = -8831 + 8381. What is the remainder when 248 is divided by x?
68
Let x = -1215 + 2365. Calculate the remainder when x is divided by 33.
28
Let r(b) = 7*b**2 - 4*b - 5. Suppose g + 7*m = 3*m + 5, 3*m - 35 = -2*g. Let z = g + -17. What is the remainder when r(-2) is divided by z?
7
Let c = -4819 + 4764. Let g(x) = x + 1. Let r be g(-4). Calculate the remainder when 104 is divided by c/(-2) + r/6.
23
Suppose -3*k + 2*i = -331, -4*k - 550 = -9*k + 5*i. Suppose 115*d - 1024 = k*d. Calculate the remainder when 111 is divided by 1/((-4)/d*-4).
15
Suppose 0*q - 2*q = r + 12, -3*r = 3*q + 24. Calculate the remainder when 10 is divided by 6*q/(-36) - (-21)/9.
1
Let k(b) = 209*b + 751. Calculate the remainder when k(-3) is divided by 34.
22
What is the remainder when 18509 is divided by (22/(-2))/((253/33)/(-23))?
29
Let f = 69 - 49. Suppose -5*x - t = 459, 4*x - 2*t = -0*t - 356. Let h = x + 163. What is the remainder when h is divided by f?
12
Let c be (3/((-24)/(-116)))/(1/(-10)). Let b = -137 - c. What is the remainder when 19 is divided by b?
3
What is the remainder when 11657/2 - 10 - (-2)/4 is divided by 12?
11
Suppose 82*n - 84*n + 343 = -5*l, 5*l = n - 164. What is the remainder when 3921 is divided by n?
162
Suppose -20*l + 2*l = -36. Suppose -246 = -l*o - 224. Calculate the remainder when 21 is divided by o.
10
Suppose -184 = -35*c - 44. Suppose 5*v - 4*a = 111, -c*a + 20 = 3*v - 21. What is the remainder when 93 is divided by v?
17
Let w be 4/6 - (-31)/3. Let s = 3022 - 3019. Suppose 6*b - 2*b = f - w, 11 = 2*f + s*b. Calculate the remainder when 25 is divided by f.
4
Let m(l) = -8*l - 24. Let y(s) = s**2 - 19*s - 8. Let k be y(19). Calculate the remainder when 76 is divided by m(k).
36
Suppose -4*a = d - 301, -27*d + 32*d - a - 1379 = 0. Calculate the remainder when d is divided by 8.
5
Suppose 10 + 0 = 5*w. Let t(a) = -79*a - 13. What is the remainder when t(-1) is divided by w?
0
Suppose -999 = 4*m + 5*j + 246, 0 = -m - j - 312. What is the remainder when 78 is divided by 1226/30 - 3*14/m?
37
Suppose -73*m + 15*m + 12320 = 19*m. Calculate the remainder when 602 is divided by m.
122
Let j(s) = -s**2 - 11*s + 9. What is the remainder when (-60)/330 + (-633)/(-33) is divided by j(-11)?
1
Let w = -1374 - -1405. What is the remainder when 647 is divided by w?
27
Suppose 0 = -4*r + 3*j + 7219, 93*r = 88*r + 3*j + 9026. Calculate the remainder when r is divided by 601.
4
Let g = 1465 - 1427. What is the remainder when 1098 is divided by g?
34
Suppose 948 = 5*i - 117. Suppose l + 2*f = 54, 13*f - 18*f + i = 4*l. Calculate the remainder when l is divided by 28.
24
Let b(o) = -8*o - 197. Let x be b(-38). Let g = x + -101. Suppose -14 = -5*m + 66. What is the remainder when m is divided by g?
4
Let i(v) = 2*v**2 - 128*v + 2254. Calculate the remainder when 1719 is divided by i(41).
247
Let z = -2440 - -3605. What is the remainder when z is divided by 26?
21
Let o = -11578 - -11794. Calculate the remainder when 838 is divided by o.
190
Let z(j) = -9*j**2 - 12*j - 39. Let w(d) = 17*d**2 + 22*d + 79. Let q(a) = 4*w(a) + 7*z(a). Calculate the remainder when 643 is divided by q(0).
41
Let s(b) = 2*b**2 + 6*b + 2. Let r be s(-4). Suppose -6*j - 116 = -r*j. Suppose -23*n = -j*n + 456. What is the remainder when n is divided by 23?
7
Suppose 25*j = -4*j + 9*j + 10500. What is the remainder when